{"id":35,"date":"2020-10-27T12:39:47","date_gmt":"2020-10-27T15:39:47","guid":{"rendered":"https:\/\/infoxonline.com.br\/?page_id=35"},"modified":"2021-05-26T13:40:30","modified_gmt":"2021-05-26T16:40:30","slug":"35-2","status":"publish","type":"page","link":"https:\/\/infoxonline.com.br\/","title":{"rendered":"Principal"},"content":{"rendered":"\t\t<div data-elementor-type=\"wp-page\" data-elementor-id=\"35\" class=\"elementor elementor-35\">\n\t\t\t\t\t\t\t\t\t<section class=\"elementor-section elementor-top-section elementor-element elementor-element-f9a6a62 elementor-section-boxed elementor-section-height-default elementor-section-height-default\" data-id=\"f9a6a62\" data-element_type=\"section\">\n\t\t\t\t\t\t<div class=\"elementor-container elementor-column-gap-default\">\n\t\t\t\t\t<div class=\"elementor-column elementor-col-25 elementor-top-column elementor-element elementor-element-35f71b9\" data-id=\"35f71b9\" data-element_type=\"column\">\n\t\t\t<div class=\"elementor-widget-wrap elementor-element-populated\">\n\t\t\t\t\t\t\t\t<div class=\"elementor-element elementor-element-59268c4 elementor-widget elementor-widget-image\" data-id=\"59268c4\" data-element_type=\"widget\" data-widget_type=\"image.default\">\n\t\t\t\t<div class=\"elementor-widget-container\">\n\t\t\t<style>\/*! elementor - v3.16.0 - 12-09-2023 *\/\n.elementor-widget-image{text-align:center}.elementor-widget-image a{display:inline-block}.elementor-widget-image a img[src$=\".svg\"]{width:48px}.elementor-widget-image img{vertical-align:middle;display:inline-block}<\/style>\t\t\t\t\t\t\t\t\t<figure class=\"wp-caption\">\n\t\t\t\t\t\t\t\t\t\t\t<a href=\"https:\/\/www.infoxonline.com.br\/delivery\/\" target=\"_blank\">\n\t\t\t\t\t\t\t<img decoding=\"async\" loading=\"lazy\" width=\"150\" height=\"150\" src=\"https:\/\/infoxonline.com.br\/wp-content\/uploads\/2021\/05\/delivery-150x150.png\" class=\"elementor-animation-push attachment-thumbnail size-thumbnail wp-image-219\" alt=\"\" srcset=\"https:\/\/infoxonline.com.br\/wp-content\/uploads\/2021\/05\/delivery-150x150.png 150w, https:\/\/infoxonline.com.br\/wp-content\/uploads\/2021\/05\/delivery-300x300.png 300w, https:\/\/infoxonline.com.br\/wp-content\/uploads\/2021\/05\/delivery-120x120.png 120w, https:\/\/infoxonline.com.br\/wp-content\/uploads\/2021\/05\/delivery-105x105.png 105w, https:\/\/infoxonline.com.br\/wp-content\/uploads\/2021\/05\/delivery-570x570.png 570w, https:\/\/infoxonline.com.br\/wp-content\/uploads\/2021\/05\/delivery-380x380.png 380w, https:\/\/infoxonline.com.br\/wp-content\/uploads\/2021\/05\/delivery-285x285.png 285w, https:\/\/infoxonline.com.br\/wp-content\/uploads\/2021\/05\/delivery-100x100.png 100w, https:\/\/infoxonline.com.br\/wp-content\/uploads\/2021\/05\/delivery.png 600w\" sizes=\"(max-width: 150px) 100vw, 150px\" \/>\t\t\t\t\t\t\t\t<\/a>\n\t\t\t\t\t\t\t\t\t\t\t<figcaption class=\"widget-image-caption wp-caption-text\">Sistema delivery com edi\u00e7\u00e3o de cores, imagens, etc. Com comunica\u00e7\u00e3o via Whatsapp.<\/figcaption>\n\t\t\t\t\t\t\t\t\t\t<\/figure>\n\t\t\t\t\t\t\t\t\t<\/div>\n\t\t\t\t<\/div>\n\t\t\t\t\t<\/div>\n\t\t<\/div>\n\t\t\t\t<div class=\"elementor-column elementor-col-25 elementor-top-column elementor-element elementor-element-0d62658\" data-id=\"0d62658\" data-element_type=\"column\">\n\t\t\t<div class=\"elementor-widget-wrap elementor-element-populated\">\n\t\t\t\t\t\t\t\t<div class=\"elementor-element elementor-element-6348282 elementor-widget elementor-widget-image\" data-id=\"6348282\" data-element_type=\"widget\" data-widget_type=\"image.default\">\n\t\t\t\t<div class=\"elementor-widget-container\">\n\t\t\t\t\t\t\t\t\t\t\t\t<figure class=\"wp-caption\">\n\t\t\t\t\t\t\t\t\t\t<img decoding=\"async\" loading=\"lazy\" width=\"150\" height=\"150\" src=\"https:\/\/infoxonline.com.br\/wp-content\/uploads\/2020\/10\/os-150x150.png\" class=\"elementor-animation-push attachment-thumbnail size-thumbnail wp-image-130\" alt=\"\" srcset=\"https:\/\/infoxonline.com.br\/wp-content\/uploads\/2020\/10\/os-150x150.png 150w, https:\/\/infoxonline.com.br\/wp-content\/uploads\/2020\/10\/os-300x300.png 300w, https:\/\/infoxonline.com.br\/wp-content\/uploads\/2020\/10\/os-120x120.png 120w, https:\/\/infoxonline.com.br\/wp-content\/uploads\/2020\/10\/os-105x105.png 105w, https:\/\/infoxonline.com.br\/wp-content\/uploads\/2020\/10\/os-570x570.png 570w, https:\/\/infoxonline.com.br\/wp-content\/uploads\/2020\/10\/os-380x380.png 380w, https:\/\/infoxonline.com.br\/wp-content\/uploads\/2020\/10\/os-285x285.png 285w, https:\/\/infoxonline.com.br\/wp-content\/uploads\/2020\/10\/os-100x100.png 100w, https:\/\/infoxonline.com.br\/wp-content\/uploads\/2020\/10\/os.png 595w\" sizes=\"(max-width: 150px) 100vw, 150px\" \/>\t\t\t\t\t\t\t\t\t\t\t<figcaption class=\"widget-image-caption wp-caption-text\">Sistema completo para Ordens de Servi\u00e7o, com controle de estoque e recibos.<\/figcaption>\n\t\t\t\t\t\t\t\t\t\t<\/figure>\n\t\t\t\t\t\t\t\t\t<\/div>\n\t\t\t\t<\/div>\n\t\t\t\t\t<\/div>\n\t\t<\/div>\n\t\t\t\t<div class=\"elementor-column elementor-col-25 elementor-top-column elementor-element elementor-element-7a15ce8\" data-id=\"7a15ce8\" data-element_type=\"column\">\n\t\t\t<div class=\"elementor-widget-wrap elementor-element-populated\">\n\t\t\t\t\t\t\t\t<div class=\"elementor-element elementor-element-8040fa3 elementor-widget elementor-widget-image\" data-id=\"8040fa3\" data-element_type=\"widget\" data-widget_type=\"image.default\">\n\t\t\t\t<div class=\"elementor-widget-container\">\n\t\t\t\t\t\t\t\t\t\t\t\t<figure class=\"wp-caption\">\n\t\t\t\t\t\t\t\t\t\t\t<a href=\"https:\/\/www.infoxonline.com.br\/hotel\">\n\t\t\t\t\t\t\t<img decoding=\"async\" loading=\"lazy\" width=\"150\" height=\"150\" src=\"https:\/\/infoxonline.com.br\/wp-content\/uploads\/2020\/10\/motel-150x150.png\" class=\"elementor-animation-push attachment-thumbnail size-thumbnail wp-image-129\" alt=\"\" srcset=\"https:\/\/infoxonline.com.br\/wp-content\/uploads\/2020\/10\/motel-150x150.png 150w, https:\/\/infoxonline.com.br\/wp-content\/uploads\/2020\/10\/motel-300x300.png 300w, https:\/\/infoxonline.com.br\/wp-content\/uploads\/2020\/10\/motel-120x120.png 120w, https:\/\/infoxonline.com.br\/wp-content\/uploads\/2020\/10\/motel-105x105.png 105w, https:\/\/infoxonline.com.br\/wp-content\/uploads\/2020\/10\/motel-570x570.png 570w, https:\/\/infoxonline.com.br\/wp-content\/uploads\/2020\/10\/motel-380x380.png 380w, https:\/\/infoxonline.com.br\/wp-content\/uploads\/2020\/10\/motel-285x285.png 285w, https:\/\/infoxonline.com.br\/wp-content\/uploads\/2020\/10\/motel-100x100.png 100w, https:\/\/infoxonline.com.br\/wp-content\/uploads\/2020\/10\/motel.png 600w\" sizes=\"(max-width: 150px) 100vw, 150px\" \/>\t\t\t\t\t\t\t\t<\/a>\n\t\t\t\t\t\t\t\t\t\t\t<figcaption class=\"widget-image-caption wp-caption-text\">Solu\u00e7\u00e3o para pequenas pousadas e mot\u00e9is. Controle de acomoda\u00e7\u00f5es e Relat\u00f3rios diversos.<\/figcaption>\n\t\t\t\t\t\t\t\t\t\t<\/figure>\n\t\t\t\t\t\t\t\t\t<\/div>\n\t\t\t\t<\/div>\n\t\t\t\t\t<\/div>\n\t\t<\/div>\n\t\t\t\t<div class=\"elementor-column elementor-col-25 elementor-top-column elementor-element elementor-element-eaea133\" data-id=\"eaea133\" data-element_type=\"column\">\n\t\t\t<div class=\"elementor-widget-wrap elementor-element-populated\">\n\t\t\t\t\t\t\t\t<div class=\"elementor-element elementor-element-4029e4e elementor-widget elementor-widget-image\" data-id=\"4029e4e\" data-element_type=\"widget\" data-widget_type=\"image.default\">\n\t\t\t\t<div class=\"elementor-widget-container\">\n\t\t\t\t\t\t\t\t\t\t\t\t<figure class=\"wp-caption\">\n\t\t\t\t\t\t\t\t\t\t\t<a href=\"https:\/\/www.infoxonline.com.br\/hotel\">\n\t\t\t\t\t\t\t<img decoding=\"async\" loading=\"lazy\" width=\"150\" height=\"150\" src=\"https:\/\/infoxonline.com.br\/wp-content\/uploads\/2021\/05\/PDV-150x150.png\" class=\"elementor-animation-push attachment-thumbnail size-thumbnail wp-image-258\" alt=\"\" srcset=\"https:\/\/infoxonline.com.br\/wp-content\/uploads\/2021\/05\/PDV-150x150.png 150w, https:\/\/infoxonline.com.br\/wp-content\/uploads\/2021\/05\/PDV-300x300.png 300w, https:\/\/infoxonline.com.br\/wp-content\/uploads\/2021\/05\/PDV-120x120.png 120w, https:\/\/infoxonline.com.br\/wp-content\/uploads\/2021\/05\/PDV-105x105.png 105w, https:\/\/infoxonline.com.br\/wp-content\/uploads\/2021\/05\/PDV-380x380.png 380w, https:\/\/infoxonline.com.br\/wp-content\/uploads\/2021\/05\/PDV-285x285.png 285w, https:\/\/infoxonline.com.br\/wp-content\/uploads\/2021\/05\/PDV-100x100.png 100w, https:\/\/infoxonline.com.br\/wp-content\/uploads\/2021\/05\/PDV.png 560w\" sizes=\"(max-width: 150px) 100vw, 150px\" \/>\t\t\t\t\t\t\t\t<\/a>\n\t\t\t\t\t\t\t\t\t\t\t<figcaption class=\"widget-image-caption wp-caption-text\">Solu\u00e7\u00e3o para pequenos com\u00e9rcios, distribuidoras, etc. Cont\u00e9m imagens dos produtos e Relat\u00f3rios diversos.<\/figcaption>\n\t\t\t\t\t\t\t\t\t\t<\/figure>\n\t\t\t\t\t\t\t\t\t<\/div>\n\t\t\t\t<\/div>\n\t\t\t\t\t<\/div>\n\t\t<\/div>\n\t\t\t\t\t\t\t<\/div>\n\t\t<\/section>\n\t\t\t\t\t\t\t<\/div>\n\t\t","protected":false},"excerpt":{"rendered":"<p>Sistema delivery com edi\u00e7\u00e3o de cores, imagens, etc. Com comunica\u00e7\u00e3o via Whatsapp. Sistema completo para Ordens de Servi\u00e7o, com controle de estoque e recibos. Solu\u00e7\u00e3o para pequenas pousadas e mot\u00e9is. Controle de acomoda\u00e7\u00f5es e Relat\u00f3rios diversos. Solu\u00e7\u00e3o para pequenos com\u00e9rcios, distribuidoras, etc. Cont\u00e9m imagens dos produtos e Relat\u00f3rios diversos.<\/p>\n","protected":false},"author":1,"featured_media":0,"parent":0,"menu_order":0,"comment_status":"closed","ping_status":"closed","template":"","meta":{"footnotes":""},"_links":{"self":[{"href":"https:\/\/infoxonline.com.br\/index.php\/wp-json\/wp\/v2\/pages\/35"}],"collection":[{"href":"https:\/\/infoxonline.com.br\/index.php\/wp-json\/wp\/v2\/pages"}],"about":[{"href":"https:\/\/infoxonline.com.br\/index.php\/wp-json\/wp\/v2\/types\/page"}],"author":[{"embeddable":true,"href":"https:\/\/infoxonline.com.br\/index.php\/wp-json\/wp\/v2\/users\/1"}],"replies":[{"embeddable":true,"href":"https:\/\/infoxonline.com.br\/index.php\/wp-json\/wp\/v2\/comments?post=35"}],"version-history":[{"count":68,"href":"https:\/\/infoxonline.com.br\/index.php\/wp-json\/wp\/v2\/pages\/35\/revisions"}],"predecessor-version":[{"id":265,"href":"https:\/\/infoxonline.com.br\/index.php\/wp-json\/wp\/v2\/pages\/35\/revisions\/265"}],"wp:attachment":[{"href":"https:\/\/infoxonline.com.br\/index.php\/wp-json\/wp\/v2\/media?parent=35"}],"curies":[{"name":"wp","href":"https:\/\/api.w.org\/{rel}","templated":true}]}}